
{"id":133,"date":"2022-08-13T20:07:44","date_gmt":"2022-08-13T20:07:44","guid":{"rendered":"https:\/\/gillmanfest.com.ve\/aragua-2023\/?page_id=133"},"modified":"2022-11-10T02:30:04","modified_gmt":"2022-11-10T02:30:04","slug":"estas-organizando-un-tour","status":"publish","type":"page","link":"https:\/\/gillmanfest.com.ve\/aragua-2023\/estas-organizando-un-tour\/","title":{"rendered":"\u00bfEst\u00e1s Organizando un Tour?"},"content":{"rendered":"<p><img decoding=\"async\" src=\"https:\/\/gillmanfest.com.ve\/aragua-2023\/GF-ARAGUA-EXTREMO-2023.png\" oncopy=\"alert('Funci\u00f3n no permitida');return false\" oncontextmenu=\"alert('Funci\u00f3n no permitida');return false\" title=\"GILLMANFEST ARAGUA 2023\" width=\"700\"><\/a><\/p>\n<p><center><\/p>\n<h3>REQUISITOS PARA SER ANUNCIADO COMO TOUR<\/h3>\n<p><\/center><\/p>\n<p><b>01.<\/b> Todo servicio de transporte que desee ser anunciado por el GILLMANFEST ARAGUA 2023, deber\u00e1 comunicarse con ENNIO DI MARCANTONIO (JEFE DE PRENSA DEL FESTIVAL) a trav\u00e9s de su Whatsapp para enviar la informaci\u00f3n de su tour.<\/p>\n<p><a href=\"https:\/\/wa.me\/584168114384\" target=\"_new\" rel=\"noopener\"><img decoding=\"async\" src=\"https:\/\/gillmanfest.com.ve\/aragua-2023\/BOTON-WHATSAPP-TOURS.jpg\" oncopy=\"alert('Funci\u00f3n no permitida');return false\" oncontextmenu=\"alert('Funci\u00f3n no permitida');return false\" title=\"PUBLICA TU TOUR AQU\u00cd\" width=\"700\"><\/a><\/p>\n<p><b>02.<\/b> Esta responsabilidad se le da, de parte de CORAZ\u00d3N ROCKERO, al Jefe de Prensa del GILLMANFEST, por cuanto queremos tener, en un solo medio (en este caso, las redes sociales de LA DESCARGA, compartidas tambi\u00e9n por las redes sociales de GILLMAN) todos los tours, para que nuestro p\u00fablico pueda enterarse, a tiempo y con eficiencia, de todas las posibilidades de transporte a su alcance para este evento. <\/p>\n<p><b>03.<\/b> Todo servicio de transporte que desee anunciarse como tour para el GILLMANFEST ARAGUA 2023 deber\u00e1 enviar al Whatsapp el volante (flyer) con la informaci\u00f3n de su tour y tambi\u00e9n la misma informaci\u00f3n por escrito: <\/p>\n<ul>\n<li>Nombre del Tour<\/li>\n<p><\/p>\n<li>De qu\u00e9 Estado de Venezuela es; de qu\u00e9 ciudad de Venezuela es.<\/li>\n<p><\/p>\n<li>Desde donde, a que hora, y en qu\u00e9 lugar de la ciudad o poblaci\u00f3n partir\u00e1 el Tour al GILLMANFEST.<\/li>\n<p><\/p>\n<li>A qu\u00e9 lugar de la ciudad o poblaci\u00f3n llegar\u00e1  dicho Tour, una vez regrese del GILLMANFEST.<\/li>\n<p><\/p>\n<li>El valor del pasaje; y qu\u00e9 servicios adicionales tiene (aire acondicionado, videos de rock o metal en su televisor, o cualquier otro servicio).<\/li>\n<p><\/p>\n<li>Para garantizar que esta norma se cumpla, a partir del momento en que salga publicado el COMUNICADO OFICIAL 2 del Gillmanfest, borraremos de nuestras redes todos los tours que espont\u00e1neamente se han publicado, para que solo los que reciba el Jefe de Prensa, por la v\u00eda que hemos se\u00f1alado -whatsapp o telegram- sean los que salgan publicados en las redes de LA DESCARGA, y compartidos a trav\u00e9s de las redes de GILLMAN.<\/li>\n<p><\/ul>\n<p><b>04.<\/b> Si existe la posibilidad de hacer acuerdos entre el GILLMANFEST y los TOURS, para lograr que el precio del Tour incluya tambi\u00e9n el pago de la entrada del Festival, lo haremos saber. Si lo anterior se lograra, el Tour ser\u00e1 el \u00fanico responsable del pago de las entradas del Festival. Por lo tanto, toda decisi\u00f3n que se tome en la materia debe ser comunicada a la Jefatura de Prensa del Festival, para evitar confusiones en la informaci\u00f3n que suministren.<\/p>\n<p><b>05.<\/b> EL TOUR QUE ANUNCIEMOS ES UN TOUR PARA VER TODO EL FESTIVAL GILLMANFEST ARAGUA 2023 &#8211; Es de com\u00fan acuerdo entre los Tours y CORAZ\u00d3N ROCKERO (Fundaci\u00f3n a cargo del GILLMANFEST), que las y los pasajeros que hayan pagado dicho servicio de transporte, no importa lo distante del lugar de Venezuela desde el cual se trasladen, deben estar en la Concha Ac\u00fastica de Las Delicias en Maracay, Estado Aragua, EL S\u00c1BADO, 14 DE ENERO DE 2023, A LA 1:00 DE LA TARDE, para que el p\u00fablico tenga tiempo de ingresar y estar en el Festival desde el inicio (2 DE LA TARDE), para presenciar A LAS SIETE (7) BANDAS DE METAL VENEZOLANO INVITADAS AL GILLMANFEST, ARAGUA, 2023; es decir: MAZAKRUDA, IMPERIAL CEREMONY, GUTIROTH, INFESTUS, LEGACY, NOXIOUS y GILLMAN. Tour que no cumpla con la hora de llegada al Festival, perder\u00e1 el derecho de ser anunciado por nuestros medios para los pr\u00f3ximos eventos de CORAZ\u00d3N ROCKERO (Festival de las Flores, Kultura Rock en vivo, y Gillmanfest).<\/p>\n<p><b>06.<\/b> Es de com\u00fan acuerdo entre los Tours y CORAZ\u00d3N ROCKERO (Fundaci\u00f3n a cargo del GILLMANFEST), que nuestros medios quedan abiertos para cualquier denuncia o reclamo que el p\u00fablico nos haga sobre su Tour, si hubiera alguna falla en el mismo. Es de com\u00fan acuerdo tambi\u00e9n que ni CORAZ\u00d3N ROCKERO, ni sus medios aliados (KULTURA ROCK y LA DESCARGA) asumir\u00e1n responsabilidades por las fallas de dichos Tours. Y es de com\u00fan acuerdo entre las partes que cualquier falla en los Tours, debidamente documentada por nuestro p\u00fablico, har\u00e1 que dicho Tour pierda el derecho de ser anunciado por nuestros medios para los pr\u00f3ximos eventos de CORAZ\u00d3N ROCKERO (Festival de las Flores, Kultura Rock en vivo, y Gillmanfest).<\/p>\n<p>Atentamente\u2026<\/p>\n<p>ENNIO DI MARCANTONIO<br \/>\nJEFE DE PRENSA DEL GILLMANFEST<br \/>\nTel\u00e9fono: +58 416 811 4384<\/p>\n","protected":false},"excerpt":{"rendered":"<p>REQUISITOS PARA SER ANUNCIADO COMO TOUR 01. Todo servicio de transporte que desee ser anunciado por el GILLMANFEST ARAGUA 2023, deber\u00e1 comunicarse con ENNIO DI MARCANTONIO (JEFE DE PRENSA DEL FESTIVAL) a trav\u00e9s de su Whatsapp para enviar la informaci\u00f3n de su tour. 02. Esta responsabilidad se le da, de parte de CORAZ\u00d3N ROCKERO, al [&hellip;]<\/p>\n","protected":false},"author":1,"featured_media":0,"parent":0,"menu_order":0,"comment_status":"closed","ping_status":"closed","template":"","meta":{"footnotes":""},"class_list":["post-133","page","type-page","status-publish","hentry"],"yoast_head":"<!-- This site is optimized with the Yoast SEO plugin v19.11 - https:\/\/yoast.com\/wordpress\/plugins\/seo\/ -->\n<title>\u00bfEst\u00e1s Organizando un Tour? - GILLMANFEST<\/title>\n<meta name=\"robots\" content=\"index, follow, max-snippet:-1, max-image-preview:large, max-video-preview:-1\" \/>\n<link rel=\"canonical\" href=\"https:\/\/gillmanfest.com.ve\/aragua-2023\/estas-organizando-un-tour\/\" \/>\n<meta property=\"og:locale\" content=\"es_ES\" \/>\n<meta property=\"og:type\" content=\"article\" \/>\n<meta property=\"og:title\" content=\"\u00bfEst\u00e1s Organizando un Tour? - GILLMANFEST\" \/>\n<meta property=\"og:description\" content=\"REQUISITOS PARA SER ANUNCIADO COMO TOUR 01. Todo servicio de transporte que desee ser anunciado por el GILLMANFEST ARAGUA 2023, deber\u00e1 comunicarse con ENNIO DI MARCANTONIO (JEFE DE PRENSA DEL FESTIVAL) a trav\u00e9s de su Whatsapp para enviar la informaci\u00f3n de su tour. 02. Esta responsabilidad se le da, de parte de CORAZ\u00d3N ROCKERO, al [&hellip;]\" \/>\n<meta property=\"og:url\" content=\"https:\/\/gillmanfest.com.ve\/aragua-2023\/estas-organizando-un-tour\/\" \/>\n<meta property=\"og:site_name\" content=\"GILLMANFEST\" \/>\n<meta property=\"article:modified_time\" content=\"2022-11-10T02:30:04+00:00\" \/>\n<meta property=\"og:image\" content=\"https:\/\/gillmanfest.com.ve\/aragua-2023\/GF-ARAGUA-EXTREMO-2023.png\" \/>\n<meta name=\"twitter:card\" content=\"summary_large_image\" \/>\n<meta name=\"twitter:label1\" content=\"Tiempo de lectura\" \/>\n\t<meta name=\"twitter:data1\" content=\"4 minutos\" \/>\n<script type=\"application\/ld+json\" class=\"yoast-schema-graph\">{\"@context\":\"https:\/\/schema.org\",\"@graph\":[{\"@type\":\"WebPage\",\"@id\":\"https:\/\/gillmanfest.com.ve\/aragua-2023\/estas-organizando-un-tour\/\",\"url\":\"https:\/\/gillmanfest.com.ve\/aragua-2023\/estas-organizando-un-tour\/\",\"name\":\"\u00bfEst\u00e1s Organizando un Tour? - GILLMANFEST\",\"isPartOf\":{\"@id\":\"https:\/\/gillmanfest.com.ve\/aragua-2023\/#website\"},\"datePublished\":\"2022-08-13T20:07:44+00:00\",\"dateModified\":\"2022-11-10T02:30:04+00:00\",\"breadcrumb\":{\"@id\":\"https:\/\/gillmanfest.com.ve\/aragua-2023\/estas-organizando-un-tour\/#breadcrumb\"},\"inLanguage\":\"es\",\"potentialAction\":[{\"@type\":\"ReadAction\",\"target\":[\"https:\/\/gillmanfest.com.ve\/aragua-2023\/estas-organizando-un-tour\/\"]}]},{\"@type\":\"BreadcrumbList\",\"@id\":\"https:\/\/gillmanfest.com.ve\/aragua-2023\/estas-organizando-un-tour\/#breadcrumb\",\"itemListElement\":[{\"@type\":\"ListItem\",\"position\":1,\"name\":\"Home\",\"item\":\"https:\/\/gillmanfest.com.ve\/aragua-2023\/\"},{\"@type\":\"ListItem\",\"position\":2,\"name\":\"\u00bfEst\u00e1s Organizando un Tour?\"}]},{\"@type\":\"WebSite\",\"@id\":\"https:\/\/gillmanfest.com.ve\/aragua-2023\/#website\",\"url\":\"https:\/\/gillmanfest.com.ve\/aragua-2023\/\",\"name\":\"GILLMANFEST\",\"description\":\"ARAGUA 2023\",\"publisher\":{\"@id\":\"https:\/\/gillmanfest.com.ve\/aragua-2023\/#organization\"},\"potentialAction\":[{\"@type\":\"SearchAction\",\"target\":{\"@type\":\"EntryPoint\",\"urlTemplate\":\"https:\/\/gillmanfest.com.ve\/aragua-2023\/?s={search_term_string}\"},\"query-input\":\"required name=search_term_string\"}],\"inLanguage\":\"es\"},{\"@type\":\"Organization\",\"@id\":\"https:\/\/gillmanfest.com.ve\/aragua-2023\/#organization\",\"name\":\"GILLMANFEST\",\"url\":\"https:\/\/gillmanfest.com.ve\/aragua-2023\/\",\"logo\":{\"@type\":\"ImageObject\",\"inLanguage\":\"es\",\"@id\":\"https:\/\/gillmanfest.com.ve\/aragua-2023\/#\/schema\/logo\/image\/\",\"url\":\"https:\/\/gillmanfest.com.ve\/aragua-2023\/wp-content\/uploads\/2022\/11\/cropped-GF-ARAGUA-EXTREMO-2023.png\",\"contentUrl\":\"https:\/\/gillmanfest.com.ve\/aragua-2023\/wp-content\/uploads\/2022\/11\/cropped-GF-ARAGUA-EXTREMO-2023.png\",\"width\":1000,\"height\":227,\"caption\":\"GILLMANFEST\"},\"image\":{\"@id\":\"https:\/\/gillmanfest.com.ve\/aragua-2023\/#\/schema\/logo\/image\/\"}}]}<\/script>\n<!-- \/ Yoast SEO plugin. -->","yoast_head_json":{"title":"\u00bfEst\u00e1s Organizando un Tour? - GILLMANFEST","robots":{"index":"index","follow":"follow","max-snippet":"max-snippet:-1","max-image-preview":"max-image-preview:large","max-video-preview":"max-video-preview:-1"},"canonical":"https:\/\/gillmanfest.com.ve\/aragua-2023\/estas-organizando-un-tour\/","og_locale":"es_ES","og_type":"article","og_title":"\u00bfEst\u00e1s Organizando un Tour? - GILLMANFEST","og_description":"REQUISITOS PARA SER ANUNCIADO COMO TOUR 01. Todo servicio de transporte que desee ser anunciado por el GILLMANFEST ARAGUA 2023, deber\u00e1 comunicarse con ENNIO DI MARCANTONIO (JEFE DE PRENSA DEL FESTIVAL) a trav\u00e9s de su Whatsapp para enviar la informaci\u00f3n de su tour. 02. Esta responsabilidad se le da, de parte de CORAZ\u00d3N ROCKERO, al [&hellip;]","og_url":"https:\/\/gillmanfest.com.ve\/aragua-2023\/estas-organizando-un-tour\/","og_site_name":"GILLMANFEST","article_modified_time":"2022-11-10T02:30:04+00:00","og_image":[{"url":"https:\/\/gillmanfest.com.ve\/aragua-2023\/GF-ARAGUA-EXTREMO-2023.png"}],"twitter_card":"summary_large_image","twitter_misc":{"Tiempo de lectura":"4 minutos"},"schema":{"@context":"https:\/\/schema.org","@graph":[{"@type":"WebPage","@id":"https:\/\/gillmanfest.com.ve\/aragua-2023\/estas-organizando-un-tour\/","url":"https:\/\/gillmanfest.com.ve\/aragua-2023\/estas-organizando-un-tour\/","name":"\u00bfEst\u00e1s Organizando un Tour? - GILLMANFEST","isPartOf":{"@id":"https:\/\/gillmanfest.com.ve\/aragua-2023\/#website"},"datePublished":"2022-08-13T20:07:44+00:00","dateModified":"2022-11-10T02:30:04+00:00","breadcrumb":{"@id":"https:\/\/gillmanfest.com.ve\/aragua-2023\/estas-organizando-un-tour\/#breadcrumb"},"inLanguage":"es","potentialAction":[{"@type":"ReadAction","target":["https:\/\/gillmanfest.com.ve\/aragua-2023\/estas-organizando-un-tour\/"]}]},{"@type":"BreadcrumbList","@id":"https:\/\/gillmanfest.com.ve\/aragua-2023\/estas-organizando-un-tour\/#breadcrumb","itemListElement":[{"@type":"ListItem","position":1,"name":"Home","item":"https:\/\/gillmanfest.com.ve\/aragua-2023\/"},{"@type":"ListItem","position":2,"name":"\u00bfEst\u00e1s Organizando un Tour?"}]},{"@type":"WebSite","@id":"https:\/\/gillmanfest.com.ve\/aragua-2023\/#website","url":"https:\/\/gillmanfest.com.ve\/aragua-2023\/","name":"GILLMANFEST","description":"ARAGUA 2023","publisher":{"@id":"https:\/\/gillmanfest.com.ve\/aragua-2023\/#organization"},"potentialAction":[{"@type":"SearchAction","target":{"@type":"EntryPoint","urlTemplate":"https:\/\/gillmanfest.com.ve\/aragua-2023\/?s={search_term_string}"},"query-input":"required name=search_term_string"}],"inLanguage":"es"},{"@type":"Organization","@id":"https:\/\/gillmanfest.com.ve\/aragua-2023\/#organization","name":"GILLMANFEST","url":"https:\/\/gillmanfest.com.ve\/aragua-2023\/","logo":{"@type":"ImageObject","inLanguage":"es","@id":"https:\/\/gillmanfest.com.ve\/aragua-2023\/#\/schema\/logo\/image\/","url":"https:\/\/gillmanfest.com.ve\/aragua-2023\/wp-content\/uploads\/2022\/11\/cropped-GF-ARAGUA-EXTREMO-2023.png","contentUrl":"https:\/\/gillmanfest.com.ve\/aragua-2023\/wp-content\/uploads\/2022\/11\/cropped-GF-ARAGUA-EXTREMO-2023.png","width":1000,"height":227,"caption":"GILLMANFEST"},"image":{"@id":"https:\/\/gillmanfest.com.ve\/aragua-2023\/#\/schema\/logo\/image\/"}}]}},"_links":{"self":[{"href":"https:\/\/gillmanfest.com.ve\/aragua-2023\/wp-json\/wp\/v2\/pages\/133","targetHints":{"allow":["GET"]}}],"collection":[{"href":"https:\/\/gillmanfest.com.ve\/aragua-2023\/wp-json\/wp\/v2\/pages"}],"about":[{"href":"https:\/\/gillmanfest.com.ve\/aragua-2023\/wp-json\/wp\/v2\/types\/page"}],"author":[{"embeddable":true,"href":"https:\/\/gillmanfest.com.ve\/aragua-2023\/wp-json\/wp\/v2\/users\/1"}],"replies":[{"embeddable":true,"href":"https:\/\/gillmanfest.com.ve\/aragua-2023\/wp-json\/wp\/v2\/comments?post=133"}],"version-history":[{"count":10,"href":"https:\/\/gillmanfest.com.ve\/aragua-2023\/wp-json\/wp\/v2\/pages\/133\/revisions"}],"predecessor-version":[{"id":392,"href":"https:\/\/gillmanfest.com.ve\/aragua-2023\/wp-json\/wp\/v2\/pages\/133\/revisions\/392"}],"wp:attachment":[{"href":"https:\/\/gillmanfest.com.ve\/aragua-2023\/wp-json\/wp\/v2\/media?parent=133"}],"curies":[{"name":"wp","href":"https:\/\/api.w.org\/{rel}","templated":true}]}}